{"id":33468,"date":"2017-05-08T11:58:40","date_gmt":"2017-05-08T09:58:40","guid":{"rendered":"http:\/\/www.teatrostabiletorino.it\/?post_type=avada_portfolio&#038;p=33468"},"modified":"2018-02-26T16:25:03","modified_gmt":"2018-02-26T15:25:03","slug":"questa-parte-del-mare","status":"publish","type":"avada_portfolio","link":"https:\/\/www.teatrostabiletorino.it\/en\/cartellone\/questa-parte-del-mare\/","title":{"rendered":"Da questa parte del mare <br> 31 ott &#8211; 12 nov 2017"},"content":{"rendered":"<p><div class=\"fusion-fullwidth fullwidth-box fusion-builder-row-1 hundred-percent-fullwidth non-hundred-percent-height-scrolling\" style=\"--awb-border-radius-top-left:0px;--awb-border-radius-top-right:0px;--awb-border-radius-bottom-right:0px;--awb-border-radius-bottom-left:0px;--awb-overflow:visible;--awb-flex-wrap:wrap;\" ><div class=\"fusion-builder-row fusion-row\"><div class=\"fusion-layout-column fusion_builder_column fusion-builder-column-0 fusion_builder_column_1_1 1_1 fusion-one-full fusion-column-first fusion-column-last fusion-column-no-min-height\" style=\"--awb-bg-size:cover;--awb-margin-bottom:0px;\"><div class=\"fusion-column-wrapper fusion-flex-column-wrapper-legacy\">\n<h2 style=\"text-align: justify;\">Gianmaria Testa, oltre alla sua musica, ha lasciato un grande racconto dei nostri ultimi vent\u2019anni, un viaggio struggente, per storie e canzoni, sulle migrazioni umane. Questo testo, che<br \/>\nd\u00e0 il titolo allo spettacolo, \u00e8 interpretato da Giuseppe Cederna, diretto da Giorgio Gallione.<\/h2>\n<p style=\"text-align: justify;\"><em>Da questa parte del mare <\/em>\u00e8 il libro della vita di Gianmaria Testa, arrivato in libreria postumo per Giulio Einaudi Editore con prefazione di Erri De Luca. \u00c8 il racconto dei pensieri, delle storie, delle situazioni che hanno contribuito a dar vita ad ognuna delle canzoni dell&#8217;album omonimo, ed \u00e8 un po&#8217;, anche, inevitabilmente, il racconto di Gianmaria stesso e delle sue radici. \u00c8 il racconto dei grandi movimenti di popolo di questi anni, ma \u00e8 anche il racconto delle radici e della loro importanza. Radici che non sono catene, ma sguardi lunghi. \u00c8 il libro con cui Gianmaria si \u00e8 congedato in pace, dopo una vita onesta e dritta. \u00c8 un patrimonio di riflessioni umanissime, senza presunzioni di assolutezza. Un distillato di parole preziose che riesce a restituirci ancora e per sempre la sua voce. \u00c8 uno sguardo lucido, durato pi\u00f9 di 20 anni, sull\u2019oggi. Una lingua poetica, affilata, tagliente, insieme burbera ed emozionata. Bellissima. Adesso questo libro diventa uno spettacolo teatrale vero e proprio e a portarlo in scena sar\u00e0 Giuseppe Cederna che pi\u00f9 volte ha condiviso il palcoscenico con Gianmaria e che con lui condivide ancora, soprattutto, una commossa visione del mondo. Giorgio Gallione, altro amico, cura la regia, traducendo in linguaggio, immagini e forma teatrali, parole pensate per la pagina scritta, ma dense di sonorit\u00e0 e musica. <em>Da questa parte del mare <\/em>\u00e8 un viaggio struggente, per storie e canzoni, sulle migrazioni umane, ma anche sulle radici e sul senso dell\u2019\u201cumano\u201d. Un piccolo e intensissimo libro pi\u00f9 potente di mille chiacchiere. E cos\u00ec lo spettacolo, mescolando le parole di Testa a quelle di Marco Revelli e di Alessandra Ballerini, affronta il tema delle migrazioni moderne senza retorica e col solo sguardo sensato: raccontando storie di uomini e donne. Cederna sar\u00e0 al contempo la voce di Testa, affiorante con lacerti accennati di canzone, ma anche quella scheggiata di coloro che non hanno voce, in un continuo campo e controcampo che ha quale elemento costante un mare che salva e insieme danna.<\/p>\n<hr \/>\n<h2>da Gianmaria Testa<br \/>\ncon Giuseppe Cederna<br \/>\nregia Giorgio Gallione<br \/>\nelementi scenografici Lorenza Gioberti<br \/>\nluci Andrea Violato<br \/>\nun ringraziamento a Alessandra Ballerini e Marco Revelli per il loro contributo nella stesura del testo<br \/>\n<em>Produzioni Fuorivia<\/em><br \/>\n<em>Teatro Stabile di Torino &#8211; Teatro Nazionale<\/em><\/h2>\n<div class=\"fusion-clearfix\"><\/div><\/div><\/div><\/div><\/div><\/p>","protected":false},"excerpt":{"rendered":"<p class=\"qtranxs-available-languages-message qtranxs-available-languages-message-en\">Sorry, this entry is only available in <a href=\"https:\/\/www.teatrostabiletorino.it\/it\/wp-json\/wp\/v2\/avada_portfolio\/33468\" class=\"qtranxs-available-language-link qtranxs-available-language-link-it\" title=\"Italiano\">Italiano<\/a>.<\/p>\n<p>Gianmaria Testa, oltre alla sua musica, ha lasciato un grande racconto dei nostri ultimi vent\u2019anni, un viaggio struggente, per storie e canzoni, sulle migrazioni umane. Questo testo, che d\u00e0 il titolo allo spettacolo, \u00e8 interpretato da Giuseppe Cederna, diretto da Giorgio Gallione.<\/p>\n","protected":false},"author":1,"featured_media":33531,"menu_order":426,"comment_status":"open","ping_status":"closed","template":"","format":"standard","meta":{"_acf_changed":false,"footnotes":""},"portfolio_category":[79,81,84],"portfolio_skills":[],"portfolio_tags":[],"acf":[],"_links":{"self":[{"href":"https:\/\/www.teatrostabiletorino.it\/en\/wp-json\/wp\/v2\/avada_portfolio\/33468"}],"collection":[{"href":"https:\/\/www.teatrostabiletorino.it\/en\/wp-json\/wp\/v2\/avada_portfolio"}],"about":[{"href":"https:\/\/www.teatrostabiletorino.it\/en\/wp-json\/wp\/v2\/types\/avada_portfolio"}],"author":[{"embeddable":true,"href":"https:\/\/www.teatrostabiletorino.it\/en\/wp-json\/wp\/v2\/users\/1"}],"replies":[{"embeddable":true,"href":"https:\/\/www.teatrostabiletorino.it\/en\/wp-json\/wp\/v2\/comments?post=33468"}],"version-history":[{"count":0,"href":"https:\/\/www.teatrostabiletorino.it\/en\/wp-json\/wp\/v2\/avada_portfolio\/33468\/revisions"}],"wp:featuredmedia":[{"embeddable":true,"href":"https:\/\/www.teatrostabiletorino.it\/en\/wp-json\/wp\/v2\/media\/33531"}],"wp:attachment":[{"href":"https:\/\/www.teatrostabiletorino.it\/en\/wp-json\/wp\/v2\/media?parent=33468"}],"wp:term":[{"taxonomy":"portfolio_category","embeddable":true,"href":"https:\/\/www.teatrostabiletorino.it\/en\/wp-json\/wp\/v2\/portfolio_category?post=33468"},{"taxonomy":"portfolio_skills","embeddable":true,"href":"https:\/\/www.teatrostabiletorino.it\/en\/wp-json\/wp\/v2\/portfolio_skills?post=33468"},{"taxonomy":"portfolio_tags","embeddable":true,"href":"https:\/\/www.teatrostabiletorino.it\/en\/wp-json\/wp\/v2\/portfolio_tags?post=33468"}],"curies":[{"name":"wp","href":"https:\/\/api.w.org\/{rel}","templated":true}]}}

<p><div class="fusion-fullwidth fullwidth-box fusion-builder-row-1 hundred-percent-fullwidth non-hundred-percent-height-scrolling" style="--awb-border-radius-top-left:0px;--awb-border-radius-top-right:0px;--awb-border-radius-bottom-right:0px;--awb-border-radius-bottom-left:0px;--awb-overflow:visible;--awb-flex-wrap:wrap;" ><div class="fusion-builder-row fusion-row"><div class="fusion-layout-column fusion_builder_column fusion-builder-column-0 fusion_builder_column_1_1 1_1 fusion-one-full fusion-column-first fusion-column-last fusion-column-no-min-height" style="--awb-bg-size:cover;--awb-margin-bottom:0px;"><div class="fusion-column-wrapper fusion-flex-column-wrapper-legacy">
<h2 style="text-align: justify;">Gianmaria Testa, oltre alla sua musica, ha lasciato un grande racconto dei nostri ultimi vent’anni, un viaggio struggente, per storie e canzoni, sulle migrazioni umane. Questo testo, che<br />
dà il titolo allo spettacolo, è interpretato da Giuseppe Cederna, diretto da Giorgio Gallione.</h2>
<p style="text-align: justify;"><em>Da questa parte del mare </em>è il libro della vita di Gianmaria Testa, arrivato in libreria postumo per Giulio Einaudi Editore con prefazione di Erri De Luca. È il racconto dei pensieri, delle storie, delle situazioni che hanno contribuito a dar vita ad ognuna delle canzoni dell&#8217;album omonimo, ed è un po&#8217;, anche, inevitabilmente, il racconto di Gianmaria stesso e delle sue radici. È il racconto dei grandi movimenti di popolo di questi anni, ma è anche il racconto delle radici e della loro importanza. Radici che non sono catene, ma sguardi lunghi. È il libro con cui Gianmaria si è congedato in pace, dopo una vita onesta e dritta. È un patrimonio di riflessioni umanissime, senza presunzioni di assolutezza. Un distillato di parole preziose che riesce a restituirci ancora e per sempre la sua voce. È uno sguardo lucido, durato più di 20 anni, sull’oggi. Una lingua poetica, affilata, tagliente, insieme burbera ed emozionata. Bellissima. Adesso questo libro diventa uno spettacolo teatrale vero e proprio e a portarlo in scena sarà Giuseppe Cederna che più volte ha condiviso il palcoscenico con Gianmaria e che con lui condivide ancora, soprattutto, una commossa visione del mondo. Giorgio Gallione, altro amico, cura la regia, traducendo in linguaggio, immagini e forma teatrali, parole pensate per la pagina scritta, ma dense di sonorità e musica. <em>Da questa parte del mare </em>è un viaggio struggente, per storie e canzoni, sulle migrazioni umane, ma anche sulle radici e sul senso dell’“umano”. Un piccolo e intensissimo libro più potente di mille chiacchiere. E così lo spettacolo, mescolando le parole di Testa a quelle di Marco Revelli e di Alessandra Ballerini, affronta il tema delle migrazioni moderne senza retorica e col solo sguardo sensato: raccontando storie di uomini e donne. Cederna sarà al contempo la voce di Testa, affiorante con lacerti accennati di canzone, ma anche quella scheggiata di coloro che non hanno voce, in un continuo campo e controcampo che ha quale elemento costante un mare che salva e insieme danna.</p>
<hr />
<h2>da Gianmaria Testa<br />
con Giuseppe Cederna<br />
regia Giorgio Gallione<br />
elementi scenografici Lorenza Gioberti<br />
luci Andrea Violato<br />
un ringraziamento a Alessandra Ballerini e Marco Revelli per il loro contributo nella stesura del testo<br />
<em>Produzioni Fuorivia</em><br />
<em>Teatro Stabile di Torino &#8211; Teatro Nazionale</em></h2>
<div class="fusion-clearfix"></div></div></div></div></div></p>

<p class="qtranxs-available-languages-message qtranxs-available-languages-message-en">Sorry, this entry is only available in <a href="https://www.teatrostabiletorino.it/it/wp-json/wp/v2/avada_portfolio/33468" class="qtranxs-available-language-link qtranxs-available-language-link-it" title="Italiano">Italiano</a>.</p>
<p>Gianmaria Testa, oltre alla sua musica, ha lasciato un grande racconto dei nostri ultimi vent’anni, un viaggio struggente, per storie e canzoni, sulle migrazioni umane. Questo testo, che dà il titolo allo spettacolo, è interpretato da Giuseppe Cederna, diretto da Giorgio Gallione.</p>
