{"id":59366,"date":"2024-05-23T09:35:41","date_gmt":"2024-05-23T07:35:41","guid":{"rendered":"https:\/\/www.teatrostabiletorino.it\/?post_type=avada_portfolio&#038;p=59366"},"modified":"2025-05-29T14:44:37","modified_gmt":"2025-05-29T12:44:37","slug":"il-costruttore-solness-20-mag-8-giu-25","status":"publish","type":"avada_portfolio","link":"https:\/\/www.teatrostabiletorino.it\/en\/cartellone\/il-costruttore-solness-20-mag-8-giu-25\/","title":{"rendered":"Il costruttore Solness <br> 20 mag &#8211; 8 giu 25"},"content":{"rendered":"<p class=\"qtranxs-available-languages-message qtranxs-available-languages-message-en\">Sorry, this entry is only available in <a href=\"https:\/\/www.teatrostabiletorino.it\/it\/wp-json\/wp\/v2\/avada_portfolio\/59366\" class=\"qtranxs-available-language-link qtranxs-available-language-link-it\" title=\"Italiano\">Italiano<\/a>.<\/p><p><\/p>\n<p style=\"text-align: justify;\">Kriszta Sz\u00e9kely, artista associata del Teatro Stabile di Torino e talentuosa regista ungherese, dirige Valerio Binasco, Laura Curino, Alice Fazzi, Mariangela Granelli, Simone Luglio e Marcello Spinetta nel capolavoro della maturit\u00e0 di Ibsen, scritto nel 1892, al culmine della carriera del drammaturgo norvegese, in anni segnati dalla riflessione sul rapporto tra creazione artistica e vita. Solness, architetto ricco e di successo, ma geloso dei rivali pi\u00f9 giovani, \u00e8 un uomo che vorrebbe fermare l\u2019inesorabile scorrere degli anni e avere una nuova occasione di felicit\u00e0, anche grazie alla giovane Hilde, restando per\u00f2 vittima della propria ambizione e del senso di colpa. In questo testo (qui nell\u2019adattamento di \u00c1rmin Szab\u00f3-Sz\u00e9kely) si alternano temi attuali come lo scontro generazionale, il maschilismo, la prevaricazione dell\u2019uomo sulla donna, cos\u00ec come la nostalgia per il passato, il venir meno della forza fisica, il desiderio di una giovent\u00f9 replicabile all\u2019infinito.<\/p>\n<p><a href=\"http:\/\/www.teatrostabiletorino.it\/wp-content\/uploads\/2024\/05\/scheda_SOLNESS.pdf\" target=\"_blank\" rel=\"noopener noreferrer\">LA SCHEDA DI SALA<\/a><br \/>\n<a href=\"http:\/\/www.teatrostabiletorino.it\/wp-content\/uploads\/2024\/05\/Solness-quaderno-disala.pdf\" target=\"_blank\" rel=\"noopener noreferrer\">IL PROGRAMMA DI SALA<\/a><\/p>\n<h3>da Henrik Ibsen<br \/>\nadattamento \u00c1rmin Szab\u00f3-Sz\u00e9kely<br \/>\ntraduzione Tamara T\u00f6r\u00f6k<br \/>\nregia Kriszta Sz\u00e9kely<br \/>\ncon (in ordine alfabetico)<br \/>\nValerio Binasco, Laura Curino, Alice Fazzi, Mariangela Granelli<br \/>\nLisa Lendaro, Simone Luglio, Marcello Spinetta<br \/>\nscene Botond Devich<br \/>\ncostumi Ildi Tihanyi<br \/>\nluci Pasquale Mari<br \/>\nsuono Filippo Conti<br \/>\nassistente regia Giovanni Miglietti<br \/>\n<em>Teatro Stabile di Torino \u2013 Teatro Nazionale<\/em><\/h3>\n<p><strong><em>Si segnala la presenza di luci stroboscopiche durante lo spettacolo<\/em><\/strong><\/p>\n<hr \/>\n<p><strong>RETROSCENA<br \/>\n<\/strong><strong>21 maggio 2025 \u2013 ore 17.30 | Teatro Gobetti<\/strong><br \/>\nKriszta Sz\u00e9kely e gli attori della compagnia dialogano con Franco Perrelli (Universit\u00e0 di Bari) su <em>Solness<\/em> da Henrik Ibsen, regia di Kriszta Sz\u00e9kely.<br \/>\nIngresso libero previa <a href=\"http:\/\/booking.teatrostabiletorino.it\/index.php\/events\/solness\/\" target=\"_blank\" rel=\"noopener noreferrer\">prenotazione online<\/a><\/p>","protected":false},"excerpt":{"rendered":"<p>Sorry, this entry is only available in Italiano. Kriszta Sz\u00e9kely, artista associata del Teatro Stabile <a href=\"https:\/\/www.teatrostabiletorino.it\/en\/cartellone\/il-costruttore-solness-20-mag-8-giu-25\/\"> [+]<\/a><\/p>\n","protected":false},"author":1994,"featured_media":62106,"menu_order":115,"comment_status":"closed","ping_status":"closed","template":"","format":"standard","meta":{"_acf_changed":false,"footnotes":""},"portfolio_category":[172,173,176],"portfolio_skills":[],"portfolio_tags":[],"acf":[],"_links":{"self":[{"href":"https:\/\/www.teatrostabiletorino.it\/en\/wp-json\/wp\/v2\/avada_portfolio\/59366"}],"collection":[{"href":"https:\/\/www.teatrostabiletorino.it\/en\/wp-json\/wp\/v2\/avada_portfolio"}],"about":[{"href":"https:\/\/www.teatrostabiletorino.it\/en\/wp-json\/wp\/v2\/types\/avada_portfolio"}],"author":[{"embeddable":true,"href":"https:\/\/www.teatrostabiletorino.it\/en\/wp-json\/wp\/v2\/users\/1994"}],"replies":[{"embeddable":true,"href":"https:\/\/www.teatrostabiletorino.it\/en\/wp-json\/wp\/v2\/comments?post=59366"}],"version-history":[{"count":19,"href":"https:\/\/www.teatrostabiletorino.it\/en\/wp-json\/wp\/v2\/avada_portfolio\/59366\/revisions"}],"predecessor-version":[{"id":62205,"href":"https:\/\/www.teatrostabiletorino.it\/en\/wp-json\/wp\/v2\/avada_portfolio\/59366\/revisions\/62205"}],"wp:featuredmedia":[{"embeddable":true,"href":"https:\/\/www.teatrostabiletorino.it\/en\/wp-json\/wp\/v2\/media\/62106"}],"wp:attachment":[{"href":"https:\/\/www.teatrostabiletorino.it\/en\/wp-json\/wp\/v2\/media?parent=59366"}],"wp:term":[{"taxonomy":"portfolio_category","embeddable":true,"href":"https:\/\/www.teatrostabiletorino.it\/en\/wp-json\/wp\/v2\/portfolio_category?post=59366"},{"taxonomy":"portfolio_skills","embeddable":true,"href":"https:\/\/www.teatrostabiletorino.it\/en\/wp-json\/wp\/v2\/portfolio_skills?post=59366"},{"taxonomy":"portfolio_tags","embeddable":true,"href":"https:\/\/www.teatrostabiletorino.it\/en\/wp-json\/wp\/v2\/portfolio_tags?post=59366"}],"curies":[{"name":"wp","href":"https:\/\/api.w.org\/{rel}","templated":true}]}}

<p class="qtranxs-available-languages-message qtranxs-available-languages-message-en">Sorry, this entry is only available in <a href="https://www.teatrostabiletorino.it/it/wp-json/wp/v2/avada_portfolio/59366" class="qtranxs-available-language-link qtranxs-available-language-link-it" title="Italiano">Italiano</a>.</p><p></p>
<p style="text-align: justify;">Kriszta Székely, artista associata del Teatro Stabile di Torino e talentuosa regista ungherese, dirige Valerio Binasco, Laura Curino, Alice Fazzi, Mariangela Granelli, Simone Luglio e Marcello Spinetta nel capolavoro della maturità di Ibsen, scritto nel 1892, al culmine della carriera del drammaturgo norvegese, in anni segnati dalla riflessione sul rapporto tra creazione artistica e vita. Solness, architetto ricco e di successo, ma geloso dei rivali più giovani, è un uomo che vorrebbe fermare l’inesorabile scorrere degli anni e avere una nuova occasione di felicità, anche grazie alla giovane Hilde, restando però vittima della propria ambizione e del senso di colpa. In questo testo (qui nell’adattamento di Ármin Szabó-Székely) si alternano temi attuali come lo scontro generazionale, il maschilismo, la prevaricazione dell’uomo sulla donna, così come la nostalgia per il passato, il venir meno della forza fisica, il desiderio di una gioventù replicabile all’infinito.</p>
<p><a href="http://www.teatrostabiletorino.it/wp-content/uploads/2024/05/scheda_SOLNESS.pdf" target="_blank" rel="noopener noreferrer">LA SCHEDA DI SALA</a><br />
<a href="http://www.teatrostabiletorino.it/wp-content/uploads/2024/05/Solness-quaderno-disala.pdf" target="_blank" rel="noopener noreferrer">IL PROGRAMMA DI SALA</a></p>
<h3>da Henrik Ibsen<br />
adattamento Ármin Szabó-Székely<br />
traduzione Tamara Török<br />
regia Kriszta Székely<br />
con (in ordine alfabetico)<br />
Valerio Binasco, Laura Curino, Alice Fazzi, Mariangela Granelli<br />
Lisa Lendaro, Simone Luglio, Marcello Spinetta<br />
scene Botond Devich<br />
costumi Ildi Tihanyi<br />
luci Pasquale Mari<br />
suono Filippo Conti<br />
assistente regia Giovanni Miglietti<br />
<em>Teatro Stabile di Torino – Teatro Nazionale</em></h3>
<p><strong><em>Si segnala la presenza di luci stroboscopiche durante lo spettacolo</em></strong></p>
<hr />
<p><strong>RETROSCENA<br />
</strong><strong>21 maggio 2025 – ore 17.30 | Teatro Gobetti</strong><br />
Kriszta Székely e gli attori della compagnia dialogano con Franco Perrelli (Università di Bari) su <em>Solness</em> da Henrik Ibsen, regia di Kriszta Székely.<br />
Ingresso libero previa <a href="http://booking.teatrostabiletorino.it/index.php/events/solness/" target="_blank" rel="noopener noreferrer">prenotazione online</a></p>

<p>Sorry, this entry is only available in Italiano. Kriszta Székely, artista associata del Teatro Stabile <a href="https://www.teatrostabiletorino.it/en/cartellone/il-costruttore-solness-20-mag-8-giu-25/"> [+]</a></p>
