{"id":28902,"date":"2015-11-06T10:44:44","date_gmt":"2015-11-06T09:44:44","guid":{"rendered":"http:\/\/www.teatrostabiletorino.it\/?page_id=28902"},"modified":"2016-03-09T16:08:40","modified_gmt":"2016-03-09T15:08:40","slug":"tournee-2015-2016","status":"publish","type":"page","link":"https:\/\/www.teatrostabiletorino.it\/en\/tournee-2015-2016\/","title":{"rendered":"tourn\u00e9e 2015 \/ 2016"},"content":{"rendered":"<p class=\"qtranxs-available-languages-message qtranxs-available-languages-message-en\">Sorry, this entry is only available in <a href=\"https:\/\/www.teatrostabiletorino.it\/it\/wp-json\/wp\/v2\/pages\/28902\" class=\"qtranxs-available-language-link qtranxs-available-language-link-it\" title=\"Italiano\">Italiano<\/a>.<\/p><p><\/p>\n<h2>La Morte di Danton<\/h2>\n<p>1 &#8211; 13 Marzo 2016 | Teatro Strehler, Milano<br \/>\n15 &#8211; 16 Marzo 2016 | Teatro Lac, Lugano, Svizzera<\/p>\n<h2>Carmen<\/h2>\n<p>30 Marzo &#8211; 3 Aprile 2016 | Teatro Verdi, Padova<br \/>\n5 &#8211; 10 Aprile 2016 | Teatro Nuovo, Verona<br \/>\n12 &#8211; 24 Aprile 2016 | Teatro Bellini, Napoli<br \/>\n4 &#8211; 8 Maggio 2016 | Teatro Comunale, Ferrara<\/p>\n<h2>Come vi piace<\/h2>\n<p>12 &#8211; 14 Luglio 2016 | Teatro Romano, Verona<\/p>\n<h2>Amleto a Gerusalemme<\/h2>\n<p>12 &#8211; 13 Aprile 2016 | Teatro Verdi, Pordenone<br \/>\n15 &#8211; 17 Aprile 2016 | Teatro Ariosto, Reggio Emilia<br \/>\n19 &#8211; 24 Aprile 2016 | Teatro Donizetti, Bergamo<br \/>\n26 Aprile 2016 | Teatro Nuovo, Verona<br \/>\n27 &#8211; 29 Aprile 2016 | Teatro Toniolo, Mestre (Ve)<br \/>\n30 Aprile 2016 | Teatro Astra, Schio (Vi)<br \/>\n2 Maggio 2016 | Citt\u00e0 Del Teatro, Cascina (Pi)<br \/>\n4 &#8211; 8 Maggio 2016 | Teatro Il Rossetti, Trieste<br \/>\n10 &#8211; 13 Maggio 2016 | Teatro Dante Alighieri, Ravenna<\/p>\n<h2>Il gabbiano<\/h2>\n<p>26 Febbbraio &#8211; 13 Marzo 2016 | Th\u00e9\u00e2tre Vidy-Lausanne, Losanna, Svizzera<br \/>\n17 &#8211; 18 Marzo 2016 | Th\u00e9\u00e2tre Cornouaille Quimper, Quimper, Francia<br \/>\n23 &#8211; 25 Marzo 2016 | Th\u00e9\u00e2tre De Caen, Caen, Francia<br \/>\n31 Marzo &#8211; 9 Aprile 2016 | Th\u00e9\u00e2tre National De Strasbourg, Strasburgo, Francia<br \/>\n27 &#8211; 29 Aprile 2016 | Tap Poitiers, Poitiers, Francia<br \/>\n11 &#8211; 13 Maggio 2016 | Filature Mulhouse, Mulhouse, Francia<br \/>\n20 Maggio &#8211; 25 Giugno 2016 | Od\u00e9on Th\u00e9\u00e2tre De L&#8217;europe, Parigi, Francia<\/p>\n<h2>Il testamento di Maria<\/h2>\n<p>2 &#8211; 6 Dicembre 2015 | Teatro Goldoni, Venezia<br \/>\n7 Dicembre 2015 | Teatro Remondini, Bassano Del Grappa (Vi)<br \/>\n9 &#8211; 13 Dicembre 2015 | Teatro Verdi, Padova<br \/>\n9 Gennaio 2016 | Teatro S. Domenico, Crema (Cr)<br \/>\n12 &#8211; 17 Gennaio 2016 | Teatro Nuovo, Verona<br \/>\n1 &#8211; 3 Aprile 2016 | Teatro Comunale, Treviso<br \/>\n9 Aprile 2016 | Teatro Comunale, Belluno<\/p>\n<h2>L&#8217;avaro<\/h2>\n<p>23 &#8211; 24 Ottobre 2015 | Ancient Courtyard Theatre \/ Wuzhen Theatre Festival, Wuzhen, Cina<br \/>\n10 Novembre 2015 | Teatro Milanollo, Savigliano (Cn)<br \/>\n11 Novembre 2015 | Teatro Baretti, Mondov\u00ec (Cn)<br \/>\n12 Novembre 2015 | Teatro Giacometti, Novi Ligure (Al)<\/p>\n<h2>L&#8217;albergo del libero scambio<\/h2>\n<p>21 Novembre 2015 | Teatro Marenco, Ceva (Cn)<br \/>\n22 Novembre 2015 | Teatro Giacometti, Novi Ligure (Al)<br \/>\n24 Novembre 2015 | Teatro Sociale, Nizza Monferrato (At)<br \/>\n26 &#8211; 27 Novembre 2015 | Teatro Sociale, Pinerolo (To)<br \/>\n28 Novembre 2015 | Teatro Civico, Oleggio (No)<br \/>\n29 Novembre 2015 | Teatro La Fabbrica, Villadossola (Vb)<br \/>\n3 Gennaio 2016 | Teatro Toselli, Cuneo<\/p>\n<h2>Cenerentola<\/h2>\n<p>12 Dicembre 2015 | Teatro Marenco, Ceva (Cn)<br \/>\n13 Dicembre 2015 | Teatro Sociale, Pinerolo (To)<br \/>\n15 Dicembre 2015 | Teatro Magnetti, Ciri\u00e8 (To)<br \/>\n19 &#8211; 21 Dicembre 2015 | Teatro Coccia, Novara<br \/>\n26 Dicembre 2015 | Teatro Alfieri, Asti<br \/>\n27 Dicembre 2015 | Teatro Concordia, Venaria (To)<\/p>\n<h2>Vita di Galileo<\/h2>\n<p>28 Ottobre &#8211; 12 Novembre 2015 | Teatro della Pergola, Firenze<\/p>\n<h2>Fedra<\/h2>\n<p>19 &#8211; 22 Novembre 2015 | Teatro Bonci, Cesena<br \/>\n25 &#8211; 29 Novembre 2015 | Teatro Storchi, Modena<br \/>\n2 &#8211; 6 Dicembre 2015 | Arena Del Sole, Bologna<\/p>","protected":false},"excerpt":{"rendered":"<p>Sorry, this entry is only available in Italiano. La Morte di Danton 1 &#8211; 13 <a href=\"https:\/\/www.teatrostabiletorino.it\/en\/tournee-2015-2016\/\"> [+]<\/a><\/p>\n","protected":false},"author":1,"featured_media":0,"parent":0,"menu_order":0,"comment_status":"closed","ping_status":"closed","template":"","meta":{"_acf_changed":false,"footnotes":""},"acf":[],"_links":{"self":[{"href":"https:\/\/www.teatrostabiletorino.it\/en\/wp-json\/wp\/v2\/pages\/28902"}],"collection":[{"href":"https:\/\/www.teatrostabiletorino.it\/en\/wp-json\/wp\/v2\/pages"}],"about":[{"href":"https:\/\/www.teatrostabiletorino.it\/en\/wp-json\/wp\/v2\/types\/page"}],"author":[{"embeddable":true,"href":"https:\/\/www.teatrostabiletorino.it\/en\/wp-json\/wp\/v2\/users\/1"}],"replies":[{"embeddable":true,"href":"https:\/\/www.teatrostabiletorino.it\/en\/wp-json\/wp\/v2\/comments?post=28902"}],"version-history":[{"count":0,"href":"https:\/\/www.teatrostabiletorino.it\/en\/wp-json\/wp\/v2\/pages\/28902\/revisions"}],"wp:attachment":[{"href":"https:\/\/www.teatrostabiletorino.it\/en\/wp-json\/wp\/v2\/media?parent=28902"}],"curies":[{"name":"wp","href":"https:\/\/api.w.org\/{rel}","templated":true}]}}

tournée 2015 / 2016

<p class="qtranxs-available-languages-message qtranxs-available-languages-message-en">Sorry, this entry is only available in <a href="https://www.teatrostabiletorino.it/it/wp-json/wp/v2/pages/28902" class="qtranxs-available-language-link qtranxs-available-language-link-it" title="Italiano">Italiano</a>.</p><p></p>
<h2>La Morte di Danton</h2>
<p>1 &#8211; 13 Marzo 2016 | Teatro Strehler, Milano<br />
15 &#8211; 16 Marzo 2016 | Teatro Lac, Lugano, Svizzera</p>
<h2>Carmen</h2>
<p>30 Marzo &#8211; 3 Aprile 2016 | Teatro Verdi, Padova<br />
5 &#8211; 10 Aprile 2016 | Teatro Nuovo, Verona<br />
12 &#8211; 24 Aprile 2016 | Teatro Bellini, Napoli<br />
4 &#8211; 8 Maggio 2016 | Teatro Comunale, Ferrara</p>
<h2>Come vi piace</h2>
<p>12 &#8211; 14 Luglio 2016 | Teatro Romano, Verona</p>
<h2>Amleto a Gerusalemme</h2>
<p>12 &#8211; 13 Aprile 2016 | Teatro Verdi, Pordenone<br />
15 &#8211; 17 Aprile 2016 | Teatro Ariosto, Reggio Emilia<br />
19 &#8211; 24 Aprile 2016 | Teatro Donizetti, Bergamo<br />
26 Aprile 2016 | Teatro Nuovo, Verona<br />
27 &#8211; 29 Aprile 2016 | Teatro Toniolo, Mestre (Ve)<br />
30 Aprile 2016 | Teatro Astra, Schio (Vi)<br />
2 Maggio 2016 | Città Del Teatro, Cascina (Pi)<br />
4 &#8211; 8 Maggio 2016 | Teatro Il Rossetti, Trieste<br />
10 &#8211; 13 Maggio 2016 | Teatro Dante Alighieri, Ravenna</p>
<h2>Il gabbiano</h2>
<p>26 Febbbraio &#8211; 13 Marzo 2016 | Théâtre Vidy-Lausanne, Losanna, Svizzera<br />
17 &#8211; 18 Marzo 2016 | Théâtre Cornouaille Quimper, Quimper, Francia<br />
23 &#8211; 25 Marzo 2016 | Théâtre De Caen, Caen, Francia<br />
31 Marzo &#8211; 9 Aprile 2016 | Théâtre National De Strasbourg, Strasburgo, Francia<br />
27 &#8211; 29 Aprile 2016 | Tap Poitiers, Poitiers, Francia<br />
11 &#8211; 13 Maggio 2016 | Filature Mulhouse, Mulhouse, Francia<br />
20 Maggio &#8211; 25 Giugno 2016 | Odéon Théâtre De L&#8217;europe, Parigi, Francia</p>
<h2>Il testamento di Maria</h2>
<p>2 &#8211; 6 Dicembre 2015 | Teatro Goldoni, Venezia<br />
7 Dicembre 2015 | Teatro Remondini, Bassano Del Grappa (Vi)<br />
9 &#8211; 13 Dicembre 2015 | Teatro Verdi, Padova<br />
9 Gennaio 2016 | Teatro S. Domenico, Crema (Cr)<br />
12 &#8211; 17 Gennaio 2016 | Teatro Nuovo, Verona<br />
1 &#8211; 3 Aprile 2016 | Teatro Comunale, Treviso<br />
9 Aprile 2016 | Teatro Comunale, Belluno</p>
<h2>L&#8217;avaro</h2>
<p>23 &#8211; 24 Ottobre 2015 | Ancient Courtyard Theatre / Wuzhen Theatre Festival, Wuzhen, Cina<br />
10 Novembre 2015 | Teatro Milanollo, Savigliano (Cn)<br />
11 Novembre 2015 | Teatro Baretti, Mondovì (Cn)<br />
12 Novembre 2015 | Teatro Giacometti, Novi Ligure (Al)</p>
<h2>L&#8217;albergo del libero scambio</h2>
<p>21 Novembre 2015 | Teatro Marenco, Ceva (Cn)<br />
22 Novembre 2015 | Teatro Giacometti, Novi Ligure (Al)<br />
24 Novembre 2015 | Teatro Sociale, Nizza Monferrato (At)<br />
26 &#8211; 27 Novembre 2015 | Teatro Sociale, Pinerolo (To)<br />
28 Novembre 2015 | Teatro Civico, Oleggio (No)<br />
29 Novembre 2015 | Teatro La Fabbrica, Villadossola (Vb)<br />
3 Gennaio 2016 | Teatro Toselli, Cuneo</p>
<h2>Cenerentola</h2>
<p>12 Dicembre 2015 | Teatro Marenco, Ceva (Cn)<br />
13 Dicembre 2015 | Teatro Sociale, Pinerolo (To)<br />
15 Dicembre 2015 | Teatro Magnetti, Ciriè (To)<br />
19 &#8211; 21 Dicembre 2015 | Teatro Coccia, Novara<br />
26 Dicembre 2015 | Teatro Alfieri, Asti<br />
27 Dicembre 2015 | Teatro Concordia, Venaria (To)</p>
<h2>Vita di Galileo</h2>
<p>28 Ottobre &#8211; 12 Novembre 2015 | Teatro della Pergola, Firenze</p>
<h2>Fedra</h2>
<p>19 &#8211; 22 Novembre 2015 | Teatro Bonci, Cesena<br />
25 &#8211; 29 Novembre 2015 | Teatro Storchi, Modena<br />
2 &#8211; 6 Dicembre 2015 | Arena Del Sole, Bologna</p>
